{"id":96,"date":"2024-08-14T17:43:19","date_gmt":"2024-08-14T17:43:19","guid":{"rendered":"https:\/\/parcelardecolombia.com\/?page_id=96"},"modified":"2026-03-12T15:21:57","modified_gmt":"2026-03-12T15:21:57","slug":"inicio","status":"publish","type":"page","link":"https:\/\/parcelardecolombia.com\/","title":{"rendered":"Inicio O"},"content":{"rendered":"\t\t<div data-elementor-type=\"wp-page\" data-elementor-id=\"96\" class=\"elementor elementor-96\" data-elementor-post-type=\"page\">\n\t\t\t\t<div class=\"elementor-element elementor-element-557a224f e-flex e-con-boxed e-con e-parent\" data-id=\"557a224f\" data-element_type=\"container\" data-e-type=\"container\" data-settings=\"{&quot;background_background&quot;:&quot;slideshow&quot;,&quot;shape_divider_bottom_negative&quot;:&quot;yes&quot;,&quot;shape_divider_bottom&quot;:&quot;waves&quot;,&quot;background_slideshow_gallery&quot;:[{&quot;id&quot;:145,&quot;url&quot;:&quot;https:\\\/\\\/parcelardecolombia.com\\\/wp-content\\\/uploads\\\/2024\\\/08\\\/camp_2.webp&quot;},{&quot;id&quot;:146,&quot;url&quot;:&quot;https:\\\/\\\/parcelardecolombia.com\\\/wp-content\\\/uploads\\\/2024\\\/08\\\/Camp_3.webp&quot;},{&quot;id&quot;:147,&quot;url&quot;:&quot;https:\\\/\\\/parcelardecolombia.com\\\/wp-content\\\/uploads\\\/2024\\\/08\\\/camp_1.webp&quot;}],&quot;background_slideshow_ken_burns&quot;:&quot;yes&quot;,&quot;background_slideshow_loop&quot;:&quot;yes&quot;,&quot;background_slideshow_slide_duration&quot;:5000,&quot;background_slideshow_slide_transition&quot;:&quot;fade&quot;,&quot;background_slideshow_transition_duration&quot;:500,&quot;background_slideshow_ken_burns_zoom_direction&quot;:&quot;in&quot;}\">\n\t\t\t\t\t<div class=\"e-con-inner\">\n\t\t\t\t<div class=\"elementor-shape elementor-shape-bottom\" aria-hidden=\"true\" data-negative=\"true\">\n\t\t\t<svg xmlns=\"http:\/\/www.w3.org\/2000\/svg\" viewBox=\"0 0 1000 100\" preserveAspectRatio=\"none\">\n\t<path class=\"elementor-shape-fill\" d=\"M790.5,93.1c-59.3-5.3-116.8-18-192.6-50c-29.6-12.7-76.9-31-100.5-35.9c-23.6-4.9-52.6-7.8-75.5-5.3\n\tc-10.2,1.1-22.6,1.4-50.1,7.4c-27.2,6.3-58.2,16.6-79.4,24.7c-41.3,15.9-94.9,21.9-134,22.6C72,58.2,0,25.8,0,25.8V100h1000V65.3\n\tc0,0-51.5,19.4-106.2,25.7C839.5,97,814.1,95.2,790.5,93.1z\"\/>\n<\/svg>\t\t<\/div>\n\t\t<div class=\"elementor-element elementor-element-191ef7ce e-con-full e-flex e-con e-child\" data-id=\"191ef7ce\" data-element_type=\"container\" data-e-type=\"container\" data-settings=\"{&quot;background_background&quot;:&quot;classic&quot;}\">\n\t\t\t\t<div class=\"elementor-element elementor-element-715896ab elementor-widget elementor-widget-heading\" data-id=\"715896ab\" data-element_type=\"widget\" data-e-type=\"widget\" data-widget_type=\"heading.default\">\n\t\t\t\t<div class=\"elementor-widget-container\">\n\t\t\t\t\t<h6 class=\"elementor-heading-title elementor-size-default\">Parcelar de Colombia<\/h6>\t\t\t\t<\/div>\n\t\t\t\t<\/div>\n\t\t\t\t<div class=\"elementor-element elementor-element-4b764970 elementor-widget elementor-widget-heading\" data-id=\"4b764970\" data-element_type=\"widget\" data-e-type=\"widget\" data-widget_type=\"heading.default\">\n\t\t\t\t<div class=\"elementor-widget-container\">\n\t\t\t\t\t<h1 class=\"elementor-heading-title elementor-size-default\">Si es Parcelar, es mejor.<\/h1>\t\t\t\t<\/div>\n\t\t\t\t<\/div>\n\t\t\t\t<div class=\"elementor-element elementor-element-7de79f15 elementor-widget elementor-widget-text-editor\" data-id=\"7de79f15\" data-element_type=\"widget\" data-e-type=\"widget\" data-widget_type=\"text-editor.default\">\n\t\t\t\t<div class=\"elementor-widget-container\">\n\t\t\t\t\t\t\t\t\t<p>Todo por el Campo.<\/p>\t\t\t\t\t\t\t\t<\/div>\n\t\t\t\t<\/div>\n\t\t\t\t<\/div>\n\t\t\t\t\t<\/div>\n\t\t\t\t<\/div>\n\t\t<div class=\"elementor-element elementor-element-6ef5ccc1 e-flex e-con-boxed e-con e-parent\" data-id=\"6ef5ccc1\" data-element_type=\"container\" data-e-type=\"container\">\n\t\t\t\t\t<div class=\"e-con-inner\">\n\t\t\t\t<div class=\"elementor-element elementor-element-7420248 elementor-widget__width-initial elementor-widget elementor-widget-video\" data-id=\"7420248\" data-element_type=\"widget\" data-e-type=\"widget\" data-settings=\"{&quot;youtube_url&quot;:&quot;https:\\\/\\\/www.youtube.com\\\/watch?v=XHOmBV4js_E&quot;,&quot;video_type&quot;:&quot;youtube&quot;,&quot;controls&quot;:&quot;yes&quot;}\" data-widget_type=\"video.default\">\n\t\t\t\t<div class=\"elementor-widget-container\">\n\t\t\t\t\t\t\t<div class=\"elementor-wrapper elementor-open-inline\">\n\t\t\t<div class=\"elementor-video\"><\/div>\t\t<\/div>\n\t\t\t\t\t\t<\/div>\n\t\t\t\t<\/div>\n\t\t\t\t\t<\/div>\n\t\t\t\t<\/div>\n\t\t<div class=\"elementor-element elementor-element-d5a581e e-flex e-con-boxed e-con e-parent\" data-id=\"d5a581e\" data-element_type=\"container\" data-e-type=\"container\">\n\t\t\t\t\t<div class=\"e-con-inner\">\n\t\t<div class=\"elementor-element elementor-element-1694f6a8 e-con-full e-flex e-con e-child\" data-id=\"1694f6a8\" data-element_type=\"container\" data-e-type=\"container\">\n\t\t\t\t<div class=\"elementor-element elementor-element-4278d479 elementor-widget elementor-widget-heading\" data-id=\"4278d479\" data-element_type=\"widget\" data-e-type=\"widget\" data-widget_type=\"heading.default\">\n\t\t\t\t<div class=\"elementor-widget-container\">\n\t\t\t\t\t<h2 class=\"elementor-heading-title elementor-size-default\">Somos agricultores como t\u00fa<\/h2>\t\t\t\t<\/div>\n\t\t\t\t<\/div>\n\t\t\t\t<div class=\"elementor-element elementor-element-c9ab3f5 elementor-widget elementor-widget-text-editor\" data-id=\"c9ab3f5\" data-element_type=\"widget\" data-e-type=\"widget\" data-widget_type=\"text-editor.default\">\n\t\t\t\t<div class=\"elementor-widget-container\">\n\t\t\t\t\t\t\t\t\t<p>Parcelar de Colombia , es una empresa productora y distribuidora de insumos agr\u00edcolas biorracionales, enfocada en ofrecer soluciones eficientes, sostenibles y t\u00e9cnicamente respaldadas para el agricultor moderno.<\/p><p>Desarrollamos productos orientados a mejorar la nutrici\u00f3n, la sanidad y el desempe\u00f1o fisiol\u00f3gico de los cultivos, integrando innovaci\u00f3n, responsabilidad ambiental y acompa\u00f1amiento t\u00e9cnico en campo. Nuestro portafolio est\u00e1 dise\u00f1ado para fortalecer los programas de manejo agron\u00f3mico en todas las etapas fenol\u00f3gicas, optimizando rendimiento y calidad.<\/p><p>En Parcelar trabajamos para impulsar una agricultura m\u00e1s consciente, productiva y sostenible, aportando alternativas biorracionales que responden a los desaf\u00edos actuales del sector agr\u00edcola en Colombia.<\/p>\t\t\t\t\t\t\t\t<\/div>\n\t\t\t\t<\/div>\n\t\t\t\t<\/div>\n\t\t\t\t\t<\/div>\n\t\t\t\t<\/div>\n\t\t\t\t<\/div>\n\t\t","protected":false},"excerpt":{"rendered":"<p>Parcelar de Colombia Si es Parcelar, es mejor. Todo por el Campo. https:\/\/www.youtube.com\/watch?v=XHOmBV4js_E Somos agricultores como t\u00fa Parcelar de Colombia , es una empresa productora y distribuidora de insumos agr\u00edcolas biorracionales, enfocada en ofrecer soluciones eficientes, sostenibles y t\u00e9cnicamente respaldadas para el agricultor moderno. Desarrollamos productos orientados a mejorar la nutrici\u00f3n, la sanidad y el [&hellip;]<\/p>\n","protected":false},"author":1,"featured_media":0,"parent":0,"menu_order":0,"comment_status":"closed","ping_status":"closed","template":"elementor_header_footer","meta":{"footnotes":""},"class_list":["post-96","page","type-page","status-publish","hentry"],"_links":{"self":[{"href":"https:\/\/parcelardecolombia.com\/index.php?rest_route=\/wp\/v2\/pages\/96"}],"collection":[{"href":"https:\/\/parcelardecolombia.com\/index.php?rest_route=\/wp\/v2\/pages"}],"about":[{"href":"https:\/\/parcelardecolombia.com\/index.php?rest_route=\/wp\/v2\/types\/page"}],"author":[{"embeddable":true,"href":"https:\/\/parcelardecolombia.com\/index.php?rest_route=\/wp\/v2\/users\/1"}],"replies":[{"embeddable":true,"href":"https:\/\/parcelardecolombia.com\/index.php?rest_route=%2Fwp%2Fv2%2Fcomments&post=96"}],"version-history":[{"count":236,"href":"https:\/\/parcelardecolombia.com\/index.php?rest_route=\/wp\/v2\/pages\/96\/revisions"}],"predecessor-version":[{"id":2095,"href":"https:\/\/parcelardecolombia.com\/index.php?rest_route=\/wp\/v2\/pages\/96\/revisions\/2095"}],"wp:attachment":[{"href":"https:\/\/parcelardecolombia.com\/index.php?rest_route=%2Fwp%2Fv2%2Fmedia&parent=96"}],"curies":[{"name":"wp","href":"https:\/\/api.w.org\/{rel}","templated":true}]}}

<div data-elementor-type="wp-page" data-elementor-id="96" class="elementor elementor-96" data-elementor-post-type="page">
				<div class="elementor-element elementor-element-557a224f e-flex e-con-boxed e-con e-parent" data-id="557a224f" data-element_type="container" data-e-type="container" data-settings="{&quot;background_background&quot;:&quot;slideshow&quot;,&quot;shape_divider_bottom_negative&quot;:&quot;yes&quot;,&quot;shape_divider_bottom&quot;:&quot;waves&quot;,&quot;background_slideshow_gallery&quot;:[{&quot;id&quot;:145,&quot;url&quot;:&quot;https:\/\/parcelardecolombia.com\/wp-content\/uploads\/2024\/08\/camp_2.webp&quot;},{&quot;id&quot;:146,&quot;url&quot;:&quot;https:\/\/parcelardecolombia.com\/wp-content\/uploads\/2024\/08\/Camp_3.webp&quot;},{&quot;id&quot;:147,&quot;url&quot;:&quot;https:\/\/parcelardecolombia.com\/wp-content\/uploads\/2024\/08\/camp_1.webp&quot;}],&quot;background_slideshow_ken_burns&quot;:&quot;yes&quot;,&quot;background_slideshow_loop&quot;:&quot;yes&quot;,&quot;background_slideshow_slide_duration&quot;:5000,&quot;background_slideshow_slide_transition&quot;:&quot;fade&quot;,&quot;background_slideshow_transition_duration&quot;:500,&quot;background_slideshow_ken_burns_zoom_direction&quot;:&quot;in&quot;}">
					<div class="e-con-inner">
				<div class="elementor-shape elementor-shape-bottom" aria-hidden="true" data-negative="true">
			<svg xmlns="http://www.w3.org/2000/svg" viewBox="0 0 1000 100" preserveAspectRatio="none">
	<path class="elementor-shape-fill" d="M790.5,93.1c-59.3-5.3-116.8-18-192.6-50c-29.6-12.7-76.9-31-100.5-35.9c-23.6-4.9-52.6-7.8-75.5-5.3
	c-10.2,1.1-22.6,1.4-50.1,7.4c-27.2,6.3-58.2,16.6-79.4,24.7c-41.3,15.9-94.9,21.9-134,22.6C72,58.2,0,25.8,0,25.8V100h1000V65.3
	c0,0-51.5,19.4-106.2,25.7C839.5,97,814.1,95.2,790.5,93.1z"/>
</svg>		</div>
		<div class="elementor-element elementor-element-191ef7ce e-con-full e-flex e-con e-child" data-id="191ef7ce" data-element_type="container" data-e-type="container" data-settings="{&quot;background_background&quot;:&quot;classic&quot;}">
				<div class="elementor-element elementor-element-715896ab elementor-widget elementor-widget-heading" data-id="715896ab" data-element_type="widget" data-e-type="widget" data-widget_type="heading.default">
				<div class="elementor-widget-container">
					<h6 class="elementor-heading-title elementor-size-default">Parcelar de Colombia</h6>				</div>
				</div>
				<div class="elementor-element elementor-element-4b764970 elementor-widget elementor-widget-heading" data-id="4b764970" data-element_type="widget" data-e-type="widget" data-widget_type="heading.default">
				<div class="elementor-widget-container">
					<h1 class="elementor-heading-title elementor-size-default">Si es Parcelar, es mejor.</h1>				</div>
				</div>
				<div class="elementor-element elementor-element-7de79f15 elementor-widget elementor-widget-text-editor" data-id="7de79f15" data-element_type="widget" data-e-type="widget" data-widget_type="text-editor.default">
				<div class="elementor-widget-container">
									<p>Todo por el Campo.</p>								</div>
				</div>
				</div>
					</div>
				</div>
		<div class="elementor-element elementor-element-6ef5ccc1 e-flex e-con-boxed e-con e-parent" data-id="6ef5ccc1" data-element_type="container" data-e-type="container">
					<div class="e-con-inner">
				<div class="elementor-element elementor-element-7420248 elementor-widget__width-initial elementor-widget elementor-widget-video" data-id="7420248" data-element_type="widget" data-e-type="widget" data-settings="{&quot;youtube_url&quot;:&quot;https:\/\/www.youtube.com\/watch?v=XHOmBV4js_E&quot;,&quot;video_type&quot;:&quot;youtube&quot;,&quot;controls&quot;:&quot;yes&quot;}" data-widget_type="video.default">
				<div class="elementor-widget-container">
							<div class="elementor-wrapper elementor-open-inline">
			<div class="elementor-video"></div>		</div>
						</div>
				</div>
					</div>
				</div>
		<div class="elementor-element elementor-element-d5a581e e-flex e-con-boxed e-con e-parent" data-id="d5a581e" data-element_type="container" data-e-type="container">
					<div class="e-con-inner">
		<div class="elementor-element elementor-element-1694f6a8 e-con-full e-flex e-con e-child" data-id="1694f6a8" data-element_type="container" data-e-type="container">
				<div class="elementor-element elementor-element-4278d479 elementor-widget elementor-widget-heading" data-id="4278d479" data-element_type="widget" data-e-type="widget" data-widget_type="heading.default">
				<div class="elementor-widget-container">
					<h2 class="elementor-heading-title elementor-size-default">Somos agricultores como tú</h2>				</div>
				</div>
				<div class="elementor-element elementor-element-c9ab3f5 elementor-widget elementor-widget-text-editor" data-id="c9ab3f5" data-element_type="widget" data-e-type="widget" data-widget_type="text-editor.default">
				<div class="elementor-widget-container">
									<p>Parcelar de Colombia , es una empresa productora y distribuidora de insumos agrícolas biorracionales, enfocada en ofrecer soluciones eficientes, sostenibles y técnicamente respaldadas para el agricultor moderno.</p><p>Desarrollamos productos orientados a mejorar la nutrición, la sanidad y el desempeño fisiológico de los cultivos, integrando innovación, responsabilidad ambiental y acompañamiento técnico en campo. Nuestro portafolio está diseñado para fortalecer los programas de manejo agronómico en todas las etapas fenológicas, optimizando rendimiento y calidad.</p><p>En Parcelar trabajamos para impulsar una agricultura más consciente, productiva y sostenible, aportando alternativas biorracionales que responden a los desafíos actuales del sector agrícola en Colombia.</p>								</div>
				</div>
				</div>
					</div>
				</div>
				</div>

<p>Parcelar de Colombia Si es Parcelar, es mejor. Todo por el Campo. https://www.youtube.com/watch?v=XHOmBV4js_E Somos agricultores como tú Parcelar de Colombia , es una empresa productora y distribuidora de insumos agrícolas biorracionales, enfocada en ofrecer soluciones eficientes, sostenibles y técnicamente respaldadas para el agricultor moderno. Desarrollamos productos orientados a mejorar la nutrición, la sanidad y el [&hellip;]</p>
